9 prime?
False
Is 178271 prime?
False
Is 5620709 prime?
True
Is 944470797 a prime number?
False
Is 4793259 a prime number?
False
Is 4724381 a composite number?
False
Is 3259211 prime?
True
Is 287740039 prime?
True
Is 3112703 a prime number?
False
Is 3309931 a prime number?
False
Is 69837463 prime?
False
Is 68581351 composite?
True
Is 7811309 a prime number?
False
Is 485263 prime?
True
Is 2500523 a composite number?
False
Is 1164977353 prime?
True
Is 195447697 prime?
False
Is 5621113 a composite number?
False
Is 9797 prime?
False
Is 1149901 prime?
True
Is 842768939 prime?
True
Is 55912543 a composite number?
False
Is 13145117 prime?
True
Is 153044887 composite?
True
Is 3048211 a composite number?
False
Is 360772519 composite?
True
Is 6344633 a prime number?
False
Is 364934 prime?
False
Is 42033863 a composite number?
False
Is 1386071 composite?
True
Is 10233987 composite?
True
Is 9278699 a prime number?
True
Is 6891161 composite?
False
Is 79964627 prime?
False
Is 47207941 a prime number?
False
Is 3285935 a composite number?
True
Is 3374909 prime?
True
Is 1242385 composite?
True
Is 4498021 a composite number?
True
Is 703699 a composite number?
False
Is 2501923 prime?
True
Is 25675723 composite?
False
Is 29769211 a composite number?
False
Is 4819894 a prime number?
False
Is 157945973 a prime number?
False
Is 11180947 a composite number?
False
Is 72310309 a composite number?
False
Is 15181949 prime?
True
Is 53105917 composite?
True
Is 5405941 composite?
True
Is 431165027 a composite number?
False
Is 7762127 a prime number?
False
Is 46618379 a composite number?
False
Is 709903 composite?
True
Is 1172867 a composite number?
False
Is 64432631 a prime number?
True
Is 1262553 a composite number?
True
Is 22253981 prime?
False
Is 18410803 a prime number?
False
Is 56638957 a composite number?
False
Is 81902263 composite?
True
Is 25161 composite?
True
Is 49570877 a composite number?
False
Is 561313 a prime number?
True
Is 69923849 a composite number?
False
Is 13317449 a prime number?
False
Is 669671 a prime number?
False
Is 35328407 composite?
False
Is 31893483 a prime number?
False
Is 12068009 a composite number?
False
Is 2115961 a prime number?
True
Is 622943 a prime number?
True
Is 4446751 a composite number?
True
Is 38160937 composite?
True
Is 8281961 prime?
False
Is 164291731 a composite number?
True
Is 47994134 a prime number?
False
Is 63101893 a prime number?
False
Is 30353237 prime?
False
Is 6762751 composite?
False
Is 15333961 composite?
True
Is 114202411 a composite number?
True
Is 403842917 prime?
False
Is 139579 prime?
False
Is 26607043 composite?
False
Is 5936831 a composite number?
False
Is 4320241 a composite number?
False
Is 188560937 a composite number?
False
Is 18160579 prime?
True
Is 1346038 prime?
False
Is 68063873 prime?
False
Is 124984931 prime?
True
Is 217271 prime?
True
Is 1762663 prime?
False
Is 280607 prime?
True
Is 84527 a prime number?
False
Is 55466 a prime number?
False
Is 233439463 a composite number?
False
Is 235719493 prime?
False
Is 142243763 composite?
False
Is 9386119 a prime number?
False
Is 343205509 composite?
True
Is 5195779 a composite number?
True
Is 6065219 a prime number?
True
Is 4035737 a composite number?
False
Is 22533893 a composite number?
False
Is 2682649 a prime number?
True
Is 29278903 a prime number?
True
Is 1767641 prime?
True
Is 7797953 prime?
True
Is 498307 prime?
False
Is 58702481 composite?
True
Is 1377209 prime?
False
Is 7636501 prime?
False
Is 3875583 a composite number?
True
Is 56390119 a composite number?
True
Is 696409 a composite number?
True
Is 1645087 a prime number?
True
Is 10594711 a prime number?
False
Is 2844463 prime?
False
Is 798335 composite?
True
Is 196470143 a composite number?
True
Is 10508413 composite?
True
Is 1923377 a composite number?
False
Is 14850041 composite?
False
Is 12035671 prime?
False
Is 11670359 a prime number?
True
Is 135659483 prime?
True
Is 5237069 a prime number?
False
Is 140397519 composite?
True
Is 85221863 prime?
True
Is 3964463 composite?
False
Is 51987058 prime?
False
Is 13043 prime?
True
Is 7214749 composite?
True
Is 160143965 composite?
True
Is 3662363 a composite number?
False
Is 1179986 a composite number?
True
Is 3261539 prime?
True
Is 13098377 prime?
False
Is 173785243 composite?
True
Is 145377019 composite?
True
Is 11895773 a composite number?
False
Is 22801783 composite?
False
Is 138032791 a prime number?
False
Is 18488177 prime?
True
Is 5885879 a prime number?
True
Is 64020273 a prime number?
False
Is 440827 composite?
True
Is 24519431 a composite number?
False
Is 130163717 a composite number?
True
Is 9563777 prime?
True
Is 6176917 composite?
False
Is 18145711 prime?
True
Is 4656209 prime?
False
Is 16495523 a prime number?
False
Is 1147015 a composite number?
True
Is 39448601 composite?
True
Is 120229 prime?
False
Is 110665865 a composite number?
True
Is 46837367 a composite number?
False
Is 9663403 a composite number?
False
Is 660271889 a composite number?
True
Is 8848033 a prime number?
False
Is 18945503 a prime number?
True
Is 11580511 prime?
False
Is 1141790779 composite?
True
Is 17377777 a prime number?
True
Is 36598451 prime?
False
Is 148933133 prime?
True
Is 20341649 a prime number?
True
Is 175632943 composite?
False
Is 7514509 composite?
True
Is 56882893 prime?
True
Is 186225533 a prime number?
False
Is 6212851 prime?
True
Is 6238457 composite?
False
Is 106575101 composite?
False
Is 171510523 a composite number?
False
Is 12533489 prime?
False
Is 743213 a prime number?
False
Is 27379721 composite?
True
Is 513732781 a prime number?
True
Is 547149679 prime?
True
Is 5727401 a prime number?
True
Is 107329931 composite?
True
Is 376627 prime?
True
Is 1283663 composite?
True
Is 4472627 a prime number?
True
Is 309583 prime?
True
Is 1436159 a composite number?
False
Is 29694839 a prime number?
False
Is 412469 composite?
True
Is 3987365 prime?
False
Is 7309327 a composite number?
True
Is 531144907 composite?
False
Is 1156217 composite?
False
Is 196568237 a prime number?
False
Is 466239733 a composite number?
True
Is 10382357 a prime number?
True
Is 22271 composite?
False
Is 3191527 composite?
False
Is 166126354 composite?
True
Is 128991673 composite?
False
Is 115489523 composite?
True
Is 273600683 prime?
True
Is 1814881 a composite number?
True
Is 7252007 prime?
False
Is 8967121 prime?
False
Is 2616665 composite?
True
Is 562166533 a composite number?
False
Is 10031087 prime?
False
Is 1656789 composite?
True
Is 565199 prime?
False
Is 28833913 prime?
False
Is 104529557 a composite number?
True
Is 6572719 prime?
False
Is 1560913 a prime number?
True
Is 84266689 composite?
True
Is 763925399 composite?
False
Is 95523523 a prime number?
True
Is 4172043 composite?
True
Is 303049 prime?
True
Is 92539277 a prime number?
True
Is 461672843 a composite number?
False
Is 7792087 composite?
True
Is 34812419 a composite number?
True
Is 342743 prime?
False
Is 734329693 a composite number?
True
Is 65553721 a prime number?
False
Is 1685835721 composite?
False
Is 6207473 prime?
True
Is 3790919 prime?
False
Is 1856717 a prime number?
False
Is 64951721 prime?
True
Is 36112169 a composite number?
True
Is 92354579 a prime number?
True
Is 168615067 a composite number?
True
Is 18015073 a prime number?
True
Is 4288849 prime?
False
Is 1092487 prime?
False
Is 4046539 a composite number?
True
Is 2441231 prime?
False
Is 9065389 prime?
False
Is 18905489 prime?
False
Is 1563391 a composite number?
True
Is 8977201 prime?
True
Is 133068809 composite?
True
Is 218426851 a prime number?
False
Is 301459 a prime number?
True
Is 228462103 a composite number?
True
Is 1201 composite?
False
Is 700234135 prime?
False
Is 8781571 a composite number?
True
Is 3210829 prime?
False
Is 4167923 a prime number?
True
Is 41601337 a prime number?
True
Is 3574379 prime?
True
Is 7732667 a composite number?
True
Is 5788981 a composite number?
True
Is 6589703 a composite number?
False
Is 36806441 composite?
True
Is 268343 a prime number?
True
Is 83259745 composite?
True
Is 21207899 composite?
True
Is 2346611 a prime number?
True
Is 11064637 a composite number?
True
Is 62742131 a prime number?
True
Is 187764301 a prime number?
True
Is 3878309 composite?
True
Is 590374 composite?
True
Is 2988355 a composite n